 - 2. Let t(u) = -2*u - u**2 - u**2 + u**3 - u**g - u + 5. Let w be (-2 + 5)*(-8)/(-6). Calculate t(w).
9
Let u(s) be the second derivative of -s**3/6 - 4*s**2 - s. Suppose 3*v + 50 = 5*v. Suppose 1 = x + 6, 4*a + 5*x = -v. What is u(a)?
-8
Let n(h) = h - 3*h - h**2 - 1 - h**3 + 0*h + 4*h. Calculate n(1).
-1
Let j(y) = -7*y**2 - 7*y - 12. Let g(c) = -11*c**2 - 11*c - 18. Let m(z) = -5*g(z) + 8*j(z). Let r be 0/(-3 - 6/(-3)). Calculate m(r).
-6
Suppose 0 = -6*y + 7*y + 1. Let u(w) = -4*w**2 + 2*w + 1. Calculate u(y).
-5
Suppose -18 = 4*n - 7*n. Let y(f) = -5*f**2 - 12*f - 2. Let p(c) = 4*c**2 + 11*c + 1. Let z(r) = 6*p(r) + 5*y(r). Calculate z(n).
-4
Let p(w) = -2*w**3 - 9*w**2 + 7*w - 7. Let k(s) = 5*s**3 + 18*s**2 - 13*s + 15. Let i(m) = -3*k(m) - 7*p(m). Give i(8).
-12
Let a(k) = -k**3 - 2*k**3 + 5*k + 4*k**3 - 5*k**2. What is a(4)?
4
Let b(h) = -h**3 + h**2 + h - 7. Let p(y) = -y**3 - y**2 + 2. Let j be p(0). Suppose -j*k = 5*u + 12, -5*k = -5*u + 18 - 58. Let z = k - 4. Determine b(z).
-7
Let l(d) = -2 + 2*d - 4*d**2 + d + 5*d**2. Let y(z) = 11 - 3 + 3*z - 2*z. Let j be y(-6). What is l(j)?
8
Let l(y) be the third derivative of y**6/24 + y**5/30 - y**3/6 - y**2. Let c be 5*2 - 12/4. Let j = 6 - c. Give l(j).
-4
Let u(m) = 4*m**2 + 8*m + 11. Let i(c) = -11*c**2 - 24*c - 32. Let b(y) = -3*i(y) - 8*u(y). What is b(-6)?
-4
Let h(l) = 5*l - 2. Let d(c) = 4*c - 1. Let z(p) = -3*d(p) + 2*h(p). Let o(x) = 2*x - 2. Let f be o(2). Let i be (2/(-1))/((-4)/f). Determine z(i).
-3
Let x(n) = -n**2 - 6*n + 6. Let v be x(-7). Let d(r) be the first derivative of -7*r**2/2 - r + 31. Give d(v).
6
Let j = 7 - 2. Let w = 12 - j. Let s = w + -5. Let m(a) = -a**2 + a - 1. What is m(s)?
-3
Suppose -1 = 2*m - x, 2*m - 3*m = -2*x + 5. Let c(k) = 6*k + 1. What is c(m)?
7
Let a(b) = -2 + b**2 - 5 - 3*b + 3. Let l = -294 - -297. Give a(l).
-4
Let t(f) = -10*f**3 + 18*f**2 - 14*f + 18. Let k(b) = 7*b**3 - 12*b**2 + 9*b - 12. Let c(v) = 7*k(v) + 5*t(v). Let x = -4 + 9. Give c(x).
-4
Let x(p) = 14*p - 28*p + 15*p - 1. Determine x(-4).
-5
Let n(x) = 8*x**3 + 15*x**2 - 16*x**2 + x**3 - 1 + 2*x. Determine n(1).
9
Let m(w) = -1. Let p(i) = 3*i - 2. Let q(o) = 1. Let a(u) = p(u) + 6*q(u). Let x(d) = a(d) + 5*m(d). Let r = -3 + 4. What is x(r)?
2
Let m(a) be the third derivative of a**9/60480 - a**8/20160 - a**7/5040 - a**6/120 + a**5/30 - a**2. Let i(p) be the third derivative of m(p). Give i(0).
-6
Let y(w) = -w + 8. Let s be y(6). Let a(o) = -3*o**s - 5 + 5*o**2 - 7*o + 5*o**2 - 3*o**2 + o**3. Determine a(-5).
5
Let f(q) be the second derivative of q**4/6 - q**3/3 - q**2/2 + 5*q. Let c(o) = o**2 - 2*o - 3. Let x be c(-2). Let b be (-2)/(-5)*(x + 0). Determine f(b).
3
Suppose 0 = -k - 0 - 2. Suppose -3*p + 2*p + 2 = 0. Let s = k + p. Let z(v) = -v**2 - v + 5. Give z(s).
5
Let v = 8 + -5. Suppose -i - 2*h + 1 = 0, -i - v*i = h - 18. Let t(n) = n + 3. Give t(i).
8
Let u(o) = 4*o + 6 + 0*o - 7*o. Calculate u(4).
-6
Let j(h) = -h**3 - 9*h**2 - 5*h + 8. Let w be 1 + (-8)/7 - (-110)/(-14). Give j(w).
-16
Let t(a) = 5*a. Let l be 0/6 + (2 - 0). Calculate t(l).
10
Let u be ((-3)/(-2) + -1)*0. Suppose -5*x - 9 - 16 = u. Let z(k) = k + 3. What is z(x)?
-2
Let c(l) = l**2 - 2*l - 1. Let k be c(3). Let n be (-2 - -4) + 0 + -34. Let r be n/(-18) + k/9. Let x(g) = -g**3 + 2*g**2 + 2. Give x(r).
2
Let u(q) be the first derivative of -q**2 + 6*q + 4. Give u(4).
-2
Let t(x) = x**3 + x**2 + x. Let r(h) = -2*h + 20. Let j be r(11). What is t(j)?
-6
Let u be (-36)/3*1/2. Let w(k) = -3*k - 4. Determine w(u).
14
Suppose 0 = -4*d + 26 + 2. Let q(m) = -m**3 + 2*m - 7. Let p(a) = -a + 3. Let c(s) = d*p(s) + 3*q(s). Determine c(-1).
4
Let r(p) = p - 4. Suppose -4*v + 37 = 13. Give r(v).
2
Let d(r) = -r + 6. Suppose 2*z + 2*z = 8. Let f be 1 + -2 + z + 4. Calculate d(f).
1
Let y(h) = 7*h + 1. Suppose -c - 20 = -3*c. Suppose k + f = -3*k - 1, -5*f = 5*k - c. Calculate y(k).
-6
Let g(z) = 15*z - 1. Let d(x) = -46*x + 3. Suppose -3*a = -3*t + 36, 2*t + 1 = -2*a + 5. Let u(r) = t*g(r) + 2*d(r). Calculate u(1).
12
Let n(r) = -r**2 - 3*r - 2. Let a be n(-2). Suppose a = -c - 2*c - 3*b - 9, -5*c - 5 = -5*b. Let p(v) = -v**2 + 5*v**2 - 1 - v**2 + 2*v. Determine p(c).
7
Let k be (-15)/3*-1*(-4)/(-10). Suppose -6*c = -c. Let i(h) = c - h - h**2 + 3 - 2. Calculate i(k).
-5
Let n(o) = 5*o - 4*o - 2*o + 7 + 2*o. What is n(-5)?
2
Let f be ((-30)/20)/(1/2). Let m(b) = -b**2 + 4*b + 7. Let l be m(5). Let t(q) = -3*q**2 - q**3 + 5 + 0*q**2 - l. Calculate t(f).
3
Let c(l) = -l + 4. Let t be c(6). Let b(f) = f + 2. Let v(u) = 1. Let i = 0 - -1. Let z(y) = i*b(y) + t*v(y). Calculate z(2).
2
Let x(c) be the third derivative of c**5/60 - c**4/24 - 4*c**2. Calculate x(-1).
2
Let n(g) be the third derivative of g**4/24 - g**3/3 + 12*g**2. Give n(2).
0
Let s(l) = -l**2 - 7*l - 5. Let h be s(-5). Suppose -h*f - 10 = -2*k, 0 = -4*k - f - 39 + 15. Let c(j) = 3*j + 7. Calculate c(k).
-8
Let a(m) = -4*m + 5*m - 1 - m + m. Give a(-1).
-2
Let t(h) = -43*h**3 + 6*h**2 - 7*h - 10. Let x(u) = -29*u**3 + 4*u**2 - 5*u - 7. Let b(k) = -5*t(k) + 7*x(k). What is b(1)?
11
Suppose -4 = 2*m - 0. Let k(s) = -2 - 2*s + 3*s**3 + 4*s**2 + s - s**2. Determine k(m).
-12
Let u = -4 - -4. Let n(w) = -w - 9. Calculate n(u).
-9
Let d(x) = -5*x. Let q(r) = -3*r - 3. Let m be q(-2). Suppose -2*p = -m*g + 11, 2*p + 4*g = -p + 26. Determine d(p).
-10
Let o(a) be the first derivative of a**2/2 + 9*a - 2. Let h be o(-7). Let m(s) = -1 + 1 - h*s. Give m(-2).
4
Suppose 5 + 9 = 7*w. Suppose -w*q = i - 9, 3*i - 3*q - 28 = -10. Let c(v) = -v + 12. Calculate c(i).
5
Let l(s) = -5*s - 1. Let p(t) = t**2 + 10*t - 1. Let c = 10 + -20. Let z be p(c). What is l(z)?
4
Let t(o) be the second derivative of 3*o**4/4 + o**2/2 - 7*o. Give t(1).
10
Let u(j) be the first derivative of -j**3/3 - 7*j**2/2 - 2*j + 13. What is u(-4)?
10
Let x(s) = -6*s - 3. Let p = -11 - -1. Let u = -13 - p. Calculate x(u).
15
Suppose 0 = 5*f + 2*v - 11 + 1, 0 = -f + v + 9. Let c(u) = u**2 - 2*u - 2. Determine c(f).
6
Let t(d) = -d**3 + 5*d**2 - 5*d - 2. Suppose 0 = k - 3*v - 15, v - 8 = -2*k - 2*k. Let i = k + 1. What is t(i)?
-6
Let n(p) = p + 4. Suppose a + 33 = 5*s, s + 6*a = a + 17. Let v be s - (3 + -2 + 0). Let i = v + -6. Give n(i).
4
Let j(u) = -u**3 + 2 - 3*u**2 + 0*u**3 + 100*u - 102*u. Determine j(-2).
2
Let h(l) = 2*l + 3. Let s(d) = 4*d + 6. Let o(k) = 7*h(k) - 4*s(k). Determine o(-4).
5
Let l(i) = -2*i**2 - 8*i - 7. Let g(a) = a**2 + a + 1. Let m(d) = 3*g(d) + l(d). Suppose 3*w = 5*o - 25, -2 = -4*o - 5*w + 18. What is m(o)?
-4
Let z(i) = i**3 - i**2. Let m(b) = b**3 - 8*b**2 + 9*b + 9. Let n(y) = m(y) - 2*z(y). Determine n(-7).
-5
Let u(j) = 7*j**2 + 8*j. Let x(q) be the first derivative of -2*q**3 - 7*q**2/2 - 8. Let g(d) = -5*u(d) - 6*x(d). Calculate g(-2).
0
Let u(k) = 11*k**2 - k. Let o be u(-1). Let b(w) = 2*w**2 - 2*w - 2. Let g be b(2). Suppose 0*f - 2*d + o = g*f, -5 = -d. Let m(x) = 3*x - 1. Give m(f).
2
Let j(g) = 3*g + 2. Let c(x) = -x - 1. Let y(t) = 14*c(t) + 4*j(t). What is y(-4)?
2
Let z(c) = -4*c - 4. Let d be z(-2). Let r(v) = 2*v**2 - 3*v - 5. What is r(d)?
15
Let s(z) = 3*z - 1. Suppose 6 = 4*c + 2. Let b be s(c). Let p(l) = l**3 - 4*l**2 + l - 2. Give p(b).
-8
Let c(x) = 12*x**3 + 3*x**2 + x + 1. Let f(z) = 12*z**3 + 4*z**2 + 2*z + 1. Let a(k) = 3*c(k) - 2*f(k). What is a(1)?
13
Let h(s) = 6*s**2 + 5*s - 8. Let c(b) = 7*b**2 + 5*b - 9. Let t(i) = 5*c(i) - 6*h(i). Let o be (-4)/((-8)/3)*-4. Give t(o).
-3
Let c(f) be the second derivative of -7*f**5/20 + 14*f. Calculate c(1).
-7
Let m(c) = -c**2 - 12*c - 27. Let o be m(-8). Let d(h) = -h**3 + 7*h**2 - 6*h - 6. Calculate d(o).
14
Let w(i) = -2*i**2 - 17*i - 15. Let z(v) = -v**2 - 9*v - 8. Let y(a) = -4*w(a) + 7*z(a). Let n be (-3)/(-9) + (-1 - 20/6). What is y(n)?
0
Suppose -s = -5*d + 5 - 0, 4*s = -4*d - 20. Let h(l) = 3*l**2 - 8*l + 7. Let b(y) = -4*y**2 + 9*y - 8. Let v(t) = 4*b(t) + 5*h(t). Calculate v(s).
-2
Let j(v) = -3*v**3 - v**2 - 10*v + 6. Let b(r) = -4*r**3 - 11*r + 6. Let z(t) = 4*b(t) - 5*j(t). Determine z(6).
-6
Let i(d) = -2*d**2 - d - 1. Let z(n) = -n + 12. Let l(o) = o - 11. Let j(c) = -7*l(c) - 6*z(c). Let y be j(6). Determine i(y).
-2
Let a(j) = j**3 - 7*j**2 + 5*j + 3. Let b be a(6). Let n(